 prime number?
True
Is 2530716709 a prime number?
True
Is 45761148839 a composite number?
True
Is 70519269589 composite?
False
Is 467114369 composite?
False
Is 4875111467 composite?
False
Is 676638569 a prime number?
False
Is 5225293943 composite?
True
Is 337597707 a composite number?
True
Is 25233533089 composite?
False
Is 11240438519 composite?
False
Is 14283653141 composite?
False
Is 48668831171 a composite number?
False
Is 91880986739 a prime number?
True
Is 3649777661 prime?
False
Is 343879009 composite?
True
Is 24793529597 a prime number?
True
Is 31730605561 composite?
False
Is 9615257815 prime?
False
Is 17515673401 a prime number?
False
Is 150874378387 a composite number?
True
Is 160215313 a composite number?
False
Is 2248095749 composite?
True
Is 45496901 a composite number?
True
Is 2073970781 composite?
True
Is 397483924351 a prime number?
False
Is 45418314859 a prime number?
True
Is 6737787493 composite?
True
Is 23812173527 composite?
True
Is 1177668343 a composite number?
True
Is 4513895543 composite?
False
Is 1423482937 a prime number?
False
Is 4217647373 composite?
False
Is 3713667451 a prime number?
False
Is 13407298603 composite?
True
Is 7896019 a composite number?
True
Is 1810841387 a composite number?
True
Is 2554490671 prime?
True
Is 2084240507 prime?
False
Is 448094849 composite?
False
Is 285823629703 prime?
True
Is 5523793543 composite?
False
Is 1251673484089 prime?
False
Is 31268390737 prime?
False
Is 9272678858 composite?
True
Is 265767373 a prime number?
False
Is 10875226273 a composite number?
True
Is 21357169163 prime?
False
Is 34381825891 a composite number?
True
Is 2887593881 a prime number?
False
Is 1843707479 a prime number?
True
Is 8234665195 prime?
False
Is 77369480897 a prime number?
False
Is 28678978649 composite?
False
Is 1225007099 a composite number?
False
Is 7940009243 a composite number?
True
Is 36706537519 a prime number?
True
Is 16996520179 composite?
True
Is 1855349 a prime number?
True
Is 1411794277 composite?
False
Is 1344146 composite?
True
Is 6079887911 a prime number?
False
Is 969650999 composite?
False
Is 8493547849 a prime number?
True
Is 34850374919 a prime number?
True
Is 3149180633 a prime number?
False
Is 140716070899 prime?
True
Is 1522079773 composite?
False
Is 8633458759 prime?
True
Is 11193064999 a composite number?
True
Is 2899759207 prime?
False
Is 822029147 a prime number?
False
Is 1623480737 composite?
True
Is 2918760209 a prime number?
False
Is 22241498893 prime?
False
Is 1984486799 composite?
False
Is 7443078217 prime?
True
Is 667780879 a composite number?
False
Is 182029262309 composite?
False
Is 14720573905 prime?
False
Is 29890103 a prime number?
False
Is 682476598417 a prime number?
True
Is 7103824171 composite?
False
Is 3286500031 prime?
False
Is 580104619 a prime number?
True
Is 2227355357 a prime number?
True
Is 21130025383 a composite number?
False
Is 17421402833 prime?
True
Is 24887613043 prime?
True
Is 121095899 a prime number?
True
Is 40212019093 a prime number?
False
Is 8029658213 a prime number?
True
Is 811248937 a prime number?
True
Is 3788457467 a prime number?
False
Is 82935470329 prime?
True
Is 122308963757 a composite number?
True
Is 2253983674 composite?
True
Is 1724927651 prime?
False
Is 420784181813 prime?
False
Is 3554548799 prime?
False
Is 4623886499 a prime number?
False
Is 52080468463 a prime number?
False
Is 59001091379 composite?
True
Is 167925913 composite?
True
Is 6953765653 a prime number?
True
Is 812561234 a prime number?
False
Is 2634822149 prime?
True
Is 7621192393 prime?
False
Is 950009069 composite?
False
Is 2470633577 prime?
False
Is 77124240191 prime?
False
Is 1777583273 a prime number?
True
Is 707524645 a composite number?
True
Is 265775579 prime?
True
Is 1133442209 a prime number?
True
Is 1881882047 prime?
False
Is 1050139379 composite?
False
Is 43705472003 a composite number?
True
Is 280205153 prime?
True
Is 18276241483 composite?
True
Is 188988995051 prime?
False
Is 10567482109 a prime number?
True
Is 12552535319 prime?
False
Is 386058389939 a composite number?
False
Is 9291809897 a prime number?
True
Is 11490410293 a composite number?
True
Is 9909261619 prime?
True
Is 104817731 composite?
True
Is 208816409 prime?
False
Is 238272083783 a prime number?
True
Is 97829735 a composite number?
True
Is 98905686251 a composite number?
True
Is 25997175031 a composite number?
True
Is 123580783 prime?
True
Is 4592917031 composite?
False
Is 250204537931 a prime number?
False
Is 3303453497 a composite number?
False
Is 957143459 composite?
True
Is 824377394 a prime number?
False
Is 9700780181 prime?
True
Is 7604444377 a prime number?
True
Is 179894731 a composite number?
True
Is 5243240109 a prime number?
False
Is 32504556827 composite?
False
Is 95560681 prime?
False
Is 186859303757 prime?
False
Is 75956562673 a composite number?
False
Is 3060805441 a composite number?
True
Is 639602693 a prime number?
False
Is 878107943 a composite number?
False
Is 9791026957 a prime number?
True
Is 9405728063 composite?
True
Is 6935542079 prime?
True
Is 34843344269 a prime number?
True
Is 144818694154 a composite number?
True
Is 273749363 a composite number?
False
Is 181762745 a prime number?
False
Is 31663864007 composite?
False
Is 505408663 a composite number?
True
Is 3335993497 prime?
False
Is 1289605729 a composite number?
False
Is 6780899413 a prime number?
False
Is 1989695947 a prime number?
False
Is 22635427663 a composite number?
True
Is 1837587617 a composite number?
False
Is 5828419573 a composite number?
True
Is 7338254291 a prime number?
False
Is 156768376501 prime?
False
Is 5337763814 a prime number?
False
Is 2395057571 a prime number?
True
Is 21777959069 prime?
True
Is 14512434799 prime?
False
Is 80003381 a prime number?
False
Is 415160119 a prime number?
False
Is 2481512051 a composite number?
True
Is 4772642299 a prime number?
False
Is 705771155 prime?
False
Is 3618071779 prime?
False
Is 20713760489 a prime number?
False
Is 928494577 prime?
True
Is 8061295367 prime?
True
Is 829573597 prime?
True
Is 34262731577 a composite number?
True
Is 35065853219 a composite number?
False
Is 1234787483 a composite number?
True
Is 109270189 prime?
False
Is 295278917 prime?
True
Is 596437459 composite?
True
Is 24231333437 a composite number?
False
Is 756325079 a composite number?
False
Is 204141796819 a composite number?
False
Is 10951544869 a prime number?
True
Is 3271908845 a prime number?
False
Is 1316584281 prime?
False
Is 1482882019 composite?
False
Is 50871806239 a prime number?
False
Is 3169974607 composite?
False
Is 13184077369 a composite number?
True
Is 291286946959 a composite number?
False
Is 22424047553 prime?
False
Is 1819087601 prime?
False
Is 2128099013 composite?
False
Is 4021141123 a composite number?
False
Is 572554519 composite?
False
Is 4156055749 a prime number?
True
Is 4780798535 prime?
False
Is 295128014 a prime number?
False
Is 41168993 a prime number?
False
Is 164727738809 composite?
False
Is 1894692599 a composite number?
False
Is 313316699 a prime number?
True
Is 15599088343 a composite number?
True
Is 20061779159 prime?
True
Is 3466538591 composite?
False
Is 1407420331 prime?
False
Is 12603106337 a prime number?
False
Is 26925857351 a prime number?
False
Is 15723292579 a composite number?
False
Is 899494217 prime?
False
Is 12211769593 prime?
False
Is 31204360393 a composite number?
False
Is 3686494181 prime?
False
Is 675330787 prime?
True
Is 252645205 prime?
False
Is 892516517 a composite number?
True
Is 3735147883 a prime number?
True
Is 63814748929 prime?
False
Is 650183063 prime?
True
Is 27573796937 prime?
False
Is 644169941 a composite number?
False
Is 3209597549 a composite number?
True
Is 7444458731 a prime number?
True
Is 21759828787 a prime number?
True
Is 5614202639 composite?
False
Is 92463001501 a prime number?
False
Is 2329024498 a prime number?
False
Is 2249099417 composite?
False
Is 9068828843 a prime number?
False
Is 8493084461 prime?
False
Is 2292225667 prime?
False
Is 3754769689 a composite number?
True
Is 1124404535 prime?
False
Is 36389688919 a prime number?
True
Is 19104788987 a prime number?
True
Is 8394461923 a composite number?
False
Is 50249030809 a composite number?
False
Is 75883574651 composite?
True
Is 2562526